 base 13
-5bb592
673265 (base 8) to base 9
375338
-f92c (base 16) to base 10
-63788
What is -246603 (base 7) in base 4?
-23020011
Convert 12501004 (base 6) to base 16.
64abc
Convert 1b98c53 (base 14) to base 10.
13815721
What is -114652013 (base 7) in base 9?
-14441715
-388509 (base 11) to base 12
-255a9b
What is 1271a6 (base 13) in base 4?
1230123003
Convert -3142022 (base 5) to base 6.
-1044134
Convert -703077 (base 10) to base 2.
-10101011101001100101
-12447435 (base 8) to base 2
-1010100100111100011101
2120470 (base 8) to base 16
8a138
What is 1101000100001110 (base 2) in base 3?
2201102011
What is -10055 (base 16) in base 10?
-65621
Convert -113203120 (base 4) to base 12.
-479b4
Convert -16b19 (base 12) to base 8.
-77705
Convert 14322101 (base 6) to base 11.
3073a6
What is -334001400 (base 5) in base 4?
-11212220233
72a0a5 (base 14) to base 8
16605001
ba1b03 (base 12) to base 16
2cfaf3
-325624 (base 10) to base 11
-202712
What is -37827 (base 16) in base 7?
-1634610
-76103 (base 9) to base 12
-251a9
What is -71145 (base 9) in base 10?
-46778
Convert -10021211 (base 5) to base 16.
-136c4
What is -3111100030 (base 4) in base 11?
-547297
Convert 1632763 (base 9) to base 13.
25a0a9
-1000533 (base 7) to base 9
-188670
What is 1a7924 (base 12) in base 15?
94227
Convert -86dca (base 15) to base 12.
-187a91
What is 93a873 (base 11) in base 5?
341221430
Convert 1202211221210 (base 3) to base 13.
26c8cb
Convert -36405 (base 8) to base 5.
-444441
What is -1434140 (base 7) in base 13?
-6a11b
Convert -2013535 (base 6) to base 3.
-11211221112
-21000112210 (base 3) to base 12
-67b70
4642886 (base 9) to base 12
a0b806
-114124404 (base 5) to base 13
-15a0c5
1100101100111001001 (base 2) to base 6
12530505
Convert -285a0 (base 12) to base 7.
-322443
-2100212211 (base 4) to base 16
-909a5
What is -acac65 (base 13) in base 2?
-1111100100000001111111
What is 120323233033 (base 4) in base 13?
147b053
Convert -110101002101 (base 3) to base 5.
-30243200
What is -5503201 (base 6) in base 7?
-2214400
Convert -710236 (base 11) to base 14.
-21a3d5
Convert 3352231 (base 7) to base 11.
264755
What is 1001110111100000110 (base 2) in base 9?
542470
1774174 (base 8) to base 4
1333201330
What is 121422113 (base 5) in base 4?
2030300111
Convert 410718 (base 10) to base 3.
202212101210
-20a357 (base 11) to base 15
-69792
Convert -159784 (base 11) to base 3.
-110120001121
-12430 (base 15) to base 7
-332013
Convert -31534 (base 14) to base 11.
-81469
161340 (base 11) to base 2
111101001100001011
-2322cb5 (base 14) to base 4
-333323021333
Convert -12400410 (base 5) to base 7.
-1015425
What is -8ec01 (base 15) in base 11?
-2908a2
Convert -464656 (base 7) to base 6.
-1441501
Convert 524446 (base 7) to base 12.
44407
Convert 100a49 (base 14) to base 2.
10000011110011001001
Convert 1d5430 (base 16) to base 13.
523b47
What is -28342 (base 12) in base 6?
-1110122
What is -102652261 (base 7) in base 3?
-102111121112001
Convert 1402010404 (base 5) to base 2.
1101100010000111010100
What is -1686044 (base 10) in base 2?
-110011011101000011100
What is -17ab (base 14) in base 3?
-12212001
Convert -65b53 (base 15) to base 11.
-200899
What is 40d6a8 (base 14) in base 3?
11010011202212
Convert -9a8bb (base 16) to base 11.
-3a2662
What is 1262017 (base 9) in base 3?
1022002000121
-9262865 (base 10) to base 15
-c2e845
What is 10200102120120 (base 3) in base 13?
536a2a
1410244244 (base 5) to base 11
2041052
What is -10100111001010001 (base 2) in base 13?
-2cc56
114ae0d (base 15) to base 4
233100300211
573893 (base 10) to base 2
10001100000111000101
What is 214332201 (base 6) in base 12?
135a061
-2c24b (base 15) to base 10
-142271
What is -7427015 (base 9) in base 10?
-3974522
Convert -1106123 (base 8) to base 4.
-1020301103
What is 2343213 (base 5) in base 3?
2012202021
What is -100011101000101011100011 (base 2) in base 16?
-8e8ae3
What is -136563 (base 10) in base 15?
-2a6e3
12001010122 (base 3) to base 6
2043242
31214185 (base 9) to base 4
321100011101
Convert -3125063 (base 7) to base 14.
-9b1da
Convert -3b9a72 (base 12) to base 10.
-991670
Convert -10220040 (base 5) to base 15.
-1a59a
Convert 12240324 (base 5) to base 15.
2505e
1145823 (base 14) to base 15
aca5e8
What is 5c5339 (base 13) in base 8?
10335661
Convert -126925 (base 10) to base 14.
-34381
What is 81068 (base 13) in base 14?
60159
What is 13023423 (base 5) in base 10?
126738
Convert 5320 (base 6) to base 3.
1122110
-20212211010 (base 3) to base 15
-2a20c
-12401004 (base 5) to base 9
-205320
What is -10221012321 (base 4) in base 2?
-100101001000110111001
What is 401422 (base 7) in base 13?
24b11
What is 405322 (base 6) in base 5?
2013211
-5054265 (base 7) to base 12
-2502b3
-10001001100110011 (base 2) to base 4
-101030303
331737 (base 13) to base 16
125b2c
Convert -b83032 (base 13) to base 2.
-10000011110100001101111
Convert -a9907 (base 14) to base 7.
-3330110
Convert -30032301 (base 4) to base 10.
-50097
-1302200330 (base 4) to base 7
-3662333
What is -266730 (base 10) in base 6?
-5414510
Convert -16817c2 (base 13) to base 5.
-3331132333
Convert 1222221120222 (base 3) to base 12.
4325bb
-162b0a (base 13) to base 11
-345460
Convert -10133330003 (base 5) to base 12.
-35ba895
What is -2020123110 (base 4) in base 2?
-10001000011011010100
-1be78 (base 16) to base 2
-11011111001111000
Convert -3133030043 (base 5) to base 11.
-37624a6
What is 131221332 (base 4) in base 10?
121470
-73551 (base 8) to base 12
-15835
Convert 10321120 (base 5) to base 3.
11111221222
160165 (base 8) to base 5
3314321
2300124 (base 5) to base 11
28608
Convert -25123 (base 8) to base 13.
-4c16
What is -102147 (base 9) in base 15?
-12e71
What is -684151 (base 10) in base 9?
-1252427
125bc (base 15) to base 16
e535
514755 (base 8) to base 6
3353125
20003200302 (base 4) to base 5
1020032123
What is 1772075 (base 9) in base 11?
618534
26b94c (base 13) to base 11
592017
Convert -110023010302 (base 4) to base 13.
-113204b
8412652 (base 10) to base 2
100000000101110111101100
Convert -1110000110110100011 (base 2) to base 13.
-132522
What is 5030 (base 13) in base 3?
120010022
Convert -3124204 (base 5) to base 13.
-1a76c
5034572 (base 8) to base 3
2111100011011
-2831a (base 11) to base 16
-9d7a
Convert 6da66 (base 16) to base 15.
8d11b
-10010001100101001101111 (base 2) to base 4
-102030221233
-13435540 (base 7) to base 9
-2318601
Convert -300130343 (base 5) to base 16.
-11f58d
-1a6cd (base 14) to base 10
-67213
Convert 705b7 (base 12) to base 11.
9a778
What is 11111100101000001101 (base 2) in base 11?
647486
What is -2650236 (base 9) in base 8?
-5420300
Convert -3421103340 (base 5) to base 11.
-4319aa8
What is -517b5 (base 13) in base 14?
-3b485
What is -62d00e (base 16) in base 9?
-13160102
15c9419 (base 14) to base 5
10220031101
42271650 (base 8) to base 5
4301224130
-103213230 (base 4) to base 3
-11002020110
-351010542 (base 6) to base 12
-2209a52
-10001201210 (base 3) to base 4
-32232120
-104a667 (base 11) to base 16
-1c240a
What is 63857 (base 11) in base 6?
1553541
Convert 197186 (base 11) to base 15.
5e8bc
Convert -2c576 (base 13) to base 16.
-149cc
Convert 513047 (base 8) to base 14.
45abd
What is 12a3881 (base 11) in base 12?
903317
12331401 (base 5) to base 6
2331255
What is -306776 (base 8) in base 7?
-603021
What is 2046876 (base 10) in base 11?
1178937
11698a (base 11) to base 4
231020201
Convert 930c9d (base 14) to base 10.
4958155
What is 35a561 (base 12) in base 8?
3237631
What is -60abb3 (base 13) in base 7?
-25065551
What is -1100010010001100110011 (base 2) in base 10?
-3220275
What is -159b0c2 (base 14) in base 15?
-de42be
Convert -10902ea (base 16) to base 8.
-102201352
-27e90 (base 15) to base 11
-8831a
What is 444214214 (base 5) in base 4?
13122311212
What is -9112591 (base 10) in base 15?
-c00061
1d3d32 (base 15) to base 14
2934d7
37c34a (base 14) to base 10
1915966
Convert -23013131030 (base 4) to base 8.
-13073514
Convert 1100101000111110111110 (base 2) to base 10.
3313598
Convert 73821 (base 16) to base 15.
952b6
Convert 1224244043 (base 5) to base 9.
5514573
-1061c (base 16) to base 6
-1234352
Convert b67b82 (base 13) to base 5.
2043213213
-2c60c (base 14) to base 9
-178165
4420553 (base 8) to base 12
49374b
-c8c1c6 (base 14) to base 11
